{"id":686,"date":"2025-05-28T12:01:23","date_gmt":"2025-05-28T12:01:23","guid":{"rendered":"https:\/\/gurtaahhut.com\/?page_id=686"},"modified":"2025-05-29T14:23:32","modified_gmt":"2025-05-29T14:23:32","slug":"vizyonumuz","status":"publish","type":"page","link":"https:\/\/gurtaahhut.com\/index.php\/vizyonumuz\/","title":{"rendered":""},"content":{"rendered":"\n<div class=\"wp-block-stackable-card stk-block-card stk-block stk-97921be is-style-default\" data-v=\"2\" data-block-id=\"97921be\"><style>.stk-97921be {margin-top:57px !important;}.stk-97921be .stk-block-card__image{height:431px !important;}.stk-97921be .stk-block-card__image img{object-position:37% 15% !important;}<\/style><div class=\"stk--no-padding stk-container stk-97921be-container stk-hover-parent\"><figure class=\"stk-block-card__image stk-img-wrapper stk-image--shape-stretch\"><img loading=\"lazy\" decoding=\"async\" class=\"stk-img wp-image-744\" src=\"https:\/\/gurtaahhut.com\/wp-content\/uploads\/2025\/05\/ChatGPT-Image-29-May-2025-17_04_17.png\" width=\"1536\" height=\"1024\" srcset=\"https:\/\/gurtaahhut.com\/wp-content\/uploads\/2025\/05\/ChatGPT-Image-29-May-2025-17_04_17.png 1536w, https:\/\/gurtaahhut.com\/wp-content\/uploads\/2025\/05\/ChatGPT-Image-29-May-2025-17_04_17-300x200.png 300w, https:\/\/gurtaahhut.com\/wp-content\/uploads\/2025\/05\/ChatGPT-Image-29-May-2025-17_04_17-1024x683.png 1024w, https:\/\/gurtaahhut.com\/wp-content\/uploads\/2025\/05\/ChatGPT-Image-29-May-2025-17_04_17-768x512.png 768w\" sizes=\"auto, (max-width: 1536px) 100vw, 1536px\" \/><\/figure><div class=\"stk-container-padding stk-block-card__content\"><div class=\"stk-block-content stk-inner-blocks stk-97921be-inner-blocks\">\n<div class=\"wp-block-stackable-heading stk-block-heading stk-block-heading--v2 stk-block stk-67c362a\" id=\"vizyonumuz\" data-block-id=\"67c362a\"><h2 class=\"stk-block-heading__text\">V\u0130ZYONUMUZ<\/h2><\/div>\n\n\n\n<div class=\"wp-block-stackable-text stk-block-text stk-block stk-cf8fd5a\" data-block-id=\"cf8fd5a\"><p class=\"stk-block-text__text\">G\u00fcr Taahh\u00fct olarak vizyonumuz; in\u015faat ve taahh\u00fct sekt\u00f6r\u00fcnde g\u00fcvenilirli\u011fi, kaliteyi ve s\u00fcrd\u00fcr\u00fclebilirli\u011fi temel alan bir anlay\u0131\u015fla, T\u00fcrkiye\u2019nin ve uluslararas\u0131 piyasalar\u0131n \u00f6nc\u00fc firmalar\u0131ndan biri olmakt\u0131r.Gelece\u011fi in\u015fa ederken yaln\u0131zca bug\u00fcn\u00fcn ihtiya\u00e7lar\u0131na de\u011fil, yar\u0131n\u0131n beklentilerine de \u00e7\u00f6z\u00fcm \u00fcretmeyi hedefliyoruz. Bu do\u011frultuda; teknolojik geli\u015fmeleri yak\u0131ndan takip eden, \u00e7evreye duyarl\u0131, yenilik\u00e7i ve y\u00fcksek m\u00fchendislik standartlar\u0131yla donat\u0131lm\u0131\u015f projeler ger\u00e7ekle\u015ftirmeye odaklan\u0131yoruz.Amac\u0131m\u0131z; sekt\u00f6rde fark yaratan, de\u011fer \u00fcreten ve \u00f6rnek g\u00f6sterilen bir marka haline gelmektir. \u0130nsan odakl\u0131 yakla\u015f\u0131m\u0131m\u0131zla i\u015f g\u00fcc\u00fcn\u00fc geli\u015ftirirken, ayn\u0131 zamanda projelerimizde estetik, i\u015flevsellik ve g\u00fcvenli\u011fi en \u00fcst seviyeye ta\u015f\u0131mak i\u00e7in \u00e7al\u0131\u015f\u0131yoruz.G\u00fcr Taahh\u00fct olarak uzun vadede, sadece sa\u011flam yap\u0131lar de\u011fil, kal\u0131c\u0131 g\u00fcven ve sayg\u0131n bir kurumsal miras b\u0131rakmak i\u00e7in var g\u00fcc\u00fcm\u00fczle ilerlemeye devam ediyoruz.<\/p><\/div>\n<\/div><\/div><\/div><\/div>\n","protected":false},"excerpt":{"rendered":"<p>V\u0130ZYONUMUZ G\u00fcr Taahh\u00fct olarak vizyonumuz; in\u015faat ve taahh\u00fct sekt\u00f6r\u00fcnde g\u00fcvenilirli\u011fi, kaliteyi ve s\u00fcrd\u00fcr\u00fclebilirli\u011fi temel alan bir anlay\u0131\u015fla, T\u00fcrkiye\u2019nin ve uluslararas\u0131 piyasalar\u0131n \u00f6nc\u00fc firmalar\u0131ndan biri olmakt\u0131r.Gelece\u011fi in\u015fa ederken yaln\u0131zca bug\u00fcn\u00fcn ihtiya\u00e7lar\u0131na de\u011fil, yar\u0131n\u0131n beklentilerine de \u00e7\u00f6z\u00fcm \u00fcretmeyi hedefliyoruz. Bu do\u011frultuda; teknolojik geli\u015fmeleri yak\u0131ndan takip eden, \u00e7evreye duyarl\u0131, yenilik\u00e7i ve y\u00fcksek m\u00fchendislik standartlar\u0131yla donat\u0131lm\u0131\u015f projeler ger\u00e7ekle\u015ftirmeye odaklan\u0131yoruz.Amac\u0131m\u0131z; [&hellip;]<\/p>\n","protected":false},"author":1,"featured_media":0,"parent":0,"menu_order":0,"comment_status":"closed","ping_status":"closed","template":"","meta":{"footnotes":""},"class_list":["post-686","page","type-page","status-publish","hentry"],"blocksy_meta":[],"_links":{"self":[{"href":"https:\/\/gurtaahhut.com\/index.php\/wp-json\/wp\/v2\/pages\/686","targetHints":{"allow":["GET"]}}],"collection":[{"href":"https:\/\/gurtaahhut.com\/index.php\/wp-json\/wp\/v2\/pages"}],"about":[{"href":"https:\/\/gurtaahhut.com\/index.php\/wp-json\/wp\/v2\/types\/page"}],"author":[{"embeddable":true,"href":"https:\/\/gurtaahhut.com\/index.php\/wp-json\/wp\/v2\/users\/1"}],"replies":[{"embeddable":true,"href":"https:\/\/gurtaahhut.com\/index.php\/wp-json\/wp\/v2\/comments?post=686"}],"version-history":[{"count":9,"href":"https:\/\/gurtaahhut.com\/index.php\/wp-json\/wp\/v2\/pages\/686\/revisions"}],"predecessor-version":[{"id":755,"href":"https:\/\/gurtaahhut.com\/index.php\/wp-json\/wp\/v2\/pages\/686\/revisions\/755"}],"wp:attachment":[{"href":"https:\/\/gurtaahhut.com\/index.php\/wp-json\/wp\/v2\/media?parent=686"}],"curies":[{"name":"wp","href":"https:\/\/api.w.org\/{rel}","templated":true}]}}