{"id":607,"date":"2022-06-15T10:18:17","date_gmt":"2022-06-15T10:18:17","guid":{"rendered":"https:\/\/startersites.io\/stagingfour\/?page_id=607"},"modified":"2025-05-28T13:24:44","modified_gmt":"2025-05-28T13:24:44","slug":"about","status":"publish","type":"page","link":"https:\/\/gurtaahhut.com\/index.php\/about\/","title":{"rendered":"KURUMSAL"},"content":{"rendered":"\n<div class=\"wp-block-stackable-spacer stk-block-spacer stk--no-padding stk-block stk-b2c1613\" data-block-id=\"b2c1613\"><style>.stk-b2c1613 {height:200px !important;}@media screen and (max-width:999px){.stk-b2c1613 {height:70px !important;}}<\/style><\/div>\n\n\n\n<div class=\"wp-block-stackable-columns stk-block-columns stk-block stk-e84acda\" data-block-id=\"e84acda\"><style>.stk-e84acda .stk--block-align-e84acda{align-items:center !important;}.stk-e84acda {margin-bottom:0px !important;}.stk-e84acda-column{--stk-column-gap:50px !important;row-gap:50px !important;}@media screen and (max-width:999px){.stk-e84acda-column{--stk-column-gap:30px !important;}}<\/style><div class=\"stk-row stk-inner-blocks stk--block-align-e84acda stk-block-content stk-content-align stk-e84acda-column\">\n<div class=\"wp-block-stackable-column stk-block-column stk-column stk-block stk-cfe225c\" data-v=\"4\" data-block-id=\"cfe225c\"><style>.stk-cfe225c-container{margin-top:0px !important;margin-right:0px !important;margin-bottom:0px !important;margin-left:0px !important;}@media screen and (min-width:690px){.stk-cfe225c {flex:var(--stk-flex-grow, 1) 1 calc(45% - var(--stk-column-gap, 0px) * 1 \/ 2 ) !important;}}@media screen and (min-width:690px) and (max-width:999px){.stk-cfe225c {flex:var(--stk-flex-grow, 1) 1 calc(40% - var(--stk-column-gap, 0px) * 1 \/ 2 ) !important;}}<\/style><div class=\"stk-column-wrapper stk-block-column__content stk-container stk-cfe225c-container stk--no-background stk--no-padding\"><div class=\"stk-block-content stk-inner-blocks stk-cfe225c-inner-blocks\">\n<div class=\"wp-block-stackable-image stk-block-image stk-block stk-6c5aab5\" data-block-id=\"6c5aab5\"><figure><span class=\"stk-img-wrapper stk-image--shape-stretch\"><img loading=\"lazy\" decoding=\"async\" class=\"stk-img wp-image-732\" src=\"https:\/\/gurtaahhut.com\/wp-content\/uploads\/2025\/05\/WhatsApp-Image-2025-05-26-at-19.45.24.jpeg\" width=\"1024\" height=\"1024\" srcset=\"https:\/\/gurtaahhut.com\/wp-content\/uploads\/2025\/05\/WhatsApp-Image-2025-05-26-at-19.45.24.jpeg 1024w, https:\/\/gurtaahhut.com\/wp-content\/uploads\/2025\/05\/WhatsApp-Image-2025-05-26-at-19.45.24-300x300.jpeg 300w, https:\/\/gurtaahhut.com\/wp-content\/uploads\/2025\/05\/WhatsApp-Image-2025-05-26-at-19.45.24-150x150.jpeg 150w, https:\/\/gurtaahhut.com\/wp-content\/uploads\/2025\/05\/WhatsApp-Image-2025-05-26-at-19.45.24-768x768.jpeg 768w\" sizes=\"auto, (max-width: 1024px) 100vw, 1024px\" \/><\/span><\/figure><\/div>\n<\/div><\/div><\/div>\n\n\n\n<div class=\"wp-block-stackable-column stk-block-column stk-column stk-block stk-fb8865e\" data-v=\"4\" data-block-id=\"fb8865e\"><style>.stk-fb8865e-container{margin-top:0px !important;margin-right:0px !important;margin-bottom:0px !important;margin-left:0px !important;}@media screen and (min-width:690px){.stk-fb8865e {flex:var(--stk-flex-grow, 1) 1 calc(55% - var(--stk-column-gap, 0px) * 1 \/ 2 ) !important;}}@media screen and (min-width:690px) and (max-width:999px){.stk-fb8865e {flex:var(--stk-flex-grow, 1) 1 calc(60% - var(--stk-column-gap, 0px) * 1 \/ 2 ) !important;}}<\/style><div class=\"stk-column-wrapper stk-block-column__content stk-container stk-fb8865e-container stk--no-background stk--no-padding\"><div class=\"has-text-align-center-mobile stk-block-content stk-inner-blocks stk-fb8865e-inner-blocks\">\n<div class=\"wp-block-stackable-heading stk-block-heading stk-block-heading--v2 stk-block stk-4ead935\" id=\"gur-taahhut-kimdir\" data-block-id=\"4ead935\"><style>.stk-4ead935 {margin-bottom:20px !important;}.stk-4ead935 .stk-block-heading__text{font-size:25px !important;}@media screen and (max-width:999px){.stk-4ead935 .stk-block-heading__text{font-size:25px !important;}}<\/style><h2 class=\"stk-block-heading__text stk-block-heading--use-theme-margins\">G\u00dcR TAAHH\u00dcT K\u0130MD\u0130R ?<\/h2><\/div>\n\n\n\n<div class=\"wp-block-stackable-divider stk-block-divider has-text-align-left has-text-align-center-mobile stk-block stk-c5b9e13 is-style-bar\" data-block-id=\"c5b9e13\"><style>.stk-c5b9e13 hr.stk-block-divider__hr{background:var(--theme-palette-color-1, #7456f1) !important;border-radius:calc(3px \/ 2) !important;height:3px !important;width:10% !important;}.stk-c5b9e13 {margin-bottom:30px !important;}<\/style><hr class=\"stk-block-divider__hr\"\/><\/div>\n\n\n\n<div class=\"wp-block-stackable-columns stk-block-columns stk-block stk-84cd38e\" data-block-id=\"84cd38e\"><style>.stk-84cd38e-column{--stk-column-gap:30px !important;row-gap:30px !important;}<\/style><div class=\"stk-row stk-inner-blocks stk-block-content stk-content-align stk-84cd38e-column\">\n<div class=\"wp-block-stackable-column stk-block-column stk-column stk-block stk-ea81aec\" data-v=\"4\" data-block-id=\"ea81aec\"><style>.stk-ea81aec-container{margin-top:0px !important;margin-right:0px !important;margin-bottom:0px !important;margin-left:0px !important;}<\/style><div class=\"stk-column-wrapper stk-block-column__content stk-container stk-ea81aec-container stk--no-background stk--no-padding\"><div class=\"stk-block-content stk-inner-blocks stk-ea81aec-inner-blocks\">\n<div class=\"wp-block-stackable-text stk-block-text stk-block stk-e834a70\" id=\"molestie\" data-block-id=\"e834a70\"><p class=\"stk-block-text__text\">G\u00dcR TAAHH\u00dcT olarak, Kocaeli Gebze merkezli faaliyet g\u00f6steren firmam\u0131z; in\u015faat, taahh\u00fct, altyap\u0131 ve \u00fcstyap\u0131 projelerinde kaliteli hizmet anlay\u0131\u015f\u0131yla sekt\u00f6rdeki yerini sa\u011flamla\u015ft\u0131rm\u0131\u015ft\u0131r. Kurulu\u015fumuzdan bu yana edindi\u011fimiz tecr\u00fcbe, uzman kadromuz ve m\u00fc\u015fteri memnuniyetine verdi\u011fimiz \u00f6nem ile projelerimizi zaman\u0131nda, g\u00fcvenli ve titizlikle tamamlamay\u0131 ilke edindik.<\/p><\/div>\n\n\n\n<p>Her projede m\u00fchendislik disiplinine uygun, \u00e7evreye duyarl\u0131, s\u00fcrd\u00fcr\u00fclebilir \u00e7\u00f6z\u00fcmler sunarak sekt\u00f6r\u00fcm\u00fczde fark yaratmay\u0131 ama\u00e7l\u0131yoruz. Kamu ve \u00f6zel sekt\u00f6rde \u00fcstlendi\u011fimiz projelerde, g\u00fcvenilirlik ve \u015feffafl\u0131k temel de\u011ferlerimiz aras\u0131nda yer almaktad\u0131r.<\/p>\n\n\n\n<p>Misyonumuz, m\u00fc\u015fterilerimize y\u00fcksek kalite standartlar\u0131nda hizmet sunarken, \u00e7al\u0131\u015fanlar\u0131m\u0131z ve payda\u015flar\u0131m\u0131z i\u00e7in s\u00fcrekli geli\u015fim f\u0131rsatlar\u0131 yaratmakt\u0131r.<br>Vizyonumuz ise, T\u00fcrkiye\u2019nin \u00f6nde gelen taahh\u00fct firmalar\u0131ndan biri olarak uzun y\u0131llar boyunca g\u00fcvenle an\u0131lmakt\u0131r.<\/p>\n\n\n\n<p>G\u00dcR TAAHH\u00dcT olarak; sa\u011flam temeller, g\u00fc\u00e7l\u00fc yap\u0131lar ve memnun m\u00fc\u015fteriler b\u0131rakmak i\u00e7in var g\u00fcc\u00fcm\u00fczle \u00e7al\u0131\u015fmaya devam ediyoruz.<\/p>\n<\/div><\/div><\/div>\n<\/div><\/div>\n<\/div><\/div><\/div>\n<\/div><\/div>\n\n\n\n<div class=\"wp-block-stackable-columns stk-block-columns stk-block stk-9cf9a94\" data-block-id=\"9cf9a94\"><style>.stk-9cf9a94 {border-style:solid !important;border-color:var(--theme-palette-color-5, #E7EBEE) !important;border-top-width:1px !important;border-right-width:0px !important;border-bottom-width:1px !important;border-left-width:0px !important;padding-top:50px !important;padding-bottom:50px !important;margin-bottom:0px !important;}.stk-9cf9a94-column{--stk-column-gap:30px !important;row-gap:30px !important;}@media screen and (max-width:999px){.stk-9cf9a94 {padding-top:50px !important;padding-bottom:50px !important;}}<\/style><div class=\"stk-row stk-inner-blocks stk-block-content stk-content-align stk-9cf9a94-column\">\n<div class=\"wp-block-stackable-column stk-block-column stk-column stk-block stk-612b112\" data-v=\"4\" data-block-id=\"612b112\"><style>.stk-612b112-container{margin-top:0px !important;margin-right:0px !important;margin-bottom:0px !important;margin-left:0px !important;}.stk-612b112 {align-self:center !important;}@media screen and (min-width:690px) and (max-width:999px){.stk-612b112 {flex:var(--stk-flex-grow, 1) 1 calc(33.333% - var(--stk-column-gap, 0px) * 2 \/ 3 ) !important;}}@media screen and (max-width:689px){.stk-612b112 {flex:var(--stk-flex-grow, 1) 1 calc(100% - var(--stk-column-gap, 0px) * 0 \/ 1 ) !important;}}<\/style><div class=\"stk-column-wrapper stk-block-column__content stk-container stk-612b112-container stk--no-background stk--no-padding\"><div class=\"has-text-align-center stk-block-content stk-inner-blocks stk-612b112-inner-blocks\">\n<div class=\"wp-block-stackable-image stk-block-image stk-block stk-9a0e785\" data-block-id=\"9a0e785\"><style>.stk-9a0e785 .stk-img-wrapper{width:99px !important;}<\/style><figure><span class=\"stk-img-wrapper stk-image--shape-stretch\"><img loading=\"lazy\" decoding=\"async\" class=\"stk-img wp-image-255\" src=\"https:\/\/gurtaahhut.com\/wp-content\/uploads\/2020\/08\/ebay.svg\" width=\"99\" height=\"300\"\/><\/span><\/figure><\/div>\n<\/div><\/div><\/div>\n\n\n\n<div class=\"wp-block-stackable-column stk-block-column stk-column stk-block stk-1b9b0a6\" data-v=\"4\" data-block-id=\"1b9b0a6\"><style>.stk-1b9b0a6-container{margin-top:0px !important;margin-right:0px !important;margin-bottom:0px !important;margin-left:0px !important;}.stk-1b9b0a6 {align-self:center !important;}@media screen and (min-width:690px) and (max-width:999px){.stk-1b9b0a6 {flex:var(--stk-flex-grow, 1) 1 calc(33.333% - var(--stk-column-gap, 0px) * 2 \/ 3 ) !important;}}@media screen and (max-width:689px){.stk-1b9b0a6 {flex:var(--stk-flex-grow, 1) 1 calc(100% - var(--stk-column-gap, 0px) * 0 \/ 1 ) !important;}}<\/style><div class=\"stk-column-wrapper stk-block-column__content stk-container stk-1b9b0a6-container stk--no-background stk--no-padding\"><div class=\"has-text-align-center stk-block-content stk-inner-blocks stk-1b9b0a6-inner-blocks\">\n<div class=\"wp-block-stackable-image stk-block-image stk-block stk-ae1b764\" data-block-id=\"ae1b764\"><style>.stk-ae1b764 .stk-img-wrapper{width:80px !important;}<\/style><figure><span class=\"stk-img-wrapper stk-image--shape-stretch\"><img loading=\"lazy\" decoding=\"async\" class=\"stk-img wp-image-257\" src=\"https:\/\/gurtaahhut.com\/wp-content\/uploads\/2020\/08\/cnn.svg\" width=\"80\" height=\"300\"\/><\/span><\/figure><\/div>\n<\/div><\/div><\/div>\n\n\n\n<div class=\"wp-block-stackable-column stk-block-column stk-column stk-block stk-3d69fbc\" data-v=\"4\" data-block-id=\"3d69fbc\"><style>.stk-3d69fbc-container{margin-top:0px !important;margin-right:0px !important;margin-bottom:0px !important;margin-left:0px !important;}.stk-3d69fbc {align-self:center !important;}@media screen and (min-width:690px) and (max-width:999px){.stk-3d69fbc {flex:var(--stk-flex-grow, 1) 1 calc(33.333% - var(--stk-column-gap, 0px) * 2 \/ 3 ) !important;}}@media screen and (max-width:689px){.stk-3d69fbc {flex:var(--stk-flex-grow, 1) 1 calc(100% - var(--stk-column-gap, 0px) * 0 \/ 1 ) !important;}}<\/style><div class=\"stk-column-wrapper stk-block-column__content stk-container stk-3d69fbc-container stk--no-background stk--no-padding\"><div class=\"has-text-align-center stk-block-content stk-inner-blocks stk-3d69fbc-inner-blocks\">\n<div class=\"wp-block-stackable-image stk-block-image stk-block stk-936fdb7\" data-block-id=\"936fdb7\"><style>.stk-936fdb7 .stk-img-wrapper{width:110px !important;}<\/style><figure><span class=\"stk-img-wrapper stk-image--shape-stretch\"><img loading=\"lazy\" decoding=\"async\" class=\"stk-img wp-image-258\" src=\"https:\/\/gurtaahhut.com\/wp-content\/uploads\/2020\/08\/google.svg\" width=\"110\" height=\"300\"\/><\/span><\/figure><\/div>\n<\/div><\/div><\/div>\n\n\n\n<div class=\"wp-block-stackable-column stk-block-column stk-column stk-block stk-f1c96af\" data-v=\"4\" data-block-id=\"f1c96af\"><style>.stk-f1c96af-container{margin-top:0px !important;margin-right:0px !important;margin-bottom:0px !important;margin-left:0px !important;}.stk-f1c96af {align-self:center !important;}@media screen and (min-width:690px) and (max-width:999px){.stk-f1c96af {flex:var(--stk-flex-grow, 1) 1 calc(33.333% - var(--stk-column-gap, 0px) * 2 \/ 3 ) !important;}}@media screen and (max-width:689px){.stk-f1c96af {flex:var(--stk-flex-grow, 1) 1 calc(100% - var(--stk-column-gap, 0px) * 0 \/ 1 ) !important;}}<\/style><div class=\"stk-column-wrapper stk-block-column__content stk-container stk-f1c96af-container stk--no-background stk--no-padding\"><div class=\"has-text-align-center stk-block-content stk-inner-blocks stk-f1c96af-inner-blocks\">\n<div class=\"wp-block-stackable-image stk-block-image stk-block stk-c835f1c\" data-block-id=\"c835f1c\"><style>.stk-c835f1c .stk-img-wrapper{width:95px !important;}<\/style><figure><span class=\"stk-img-wrapper stk-image--shape-stretch\"><img loading=\"lazy\" decoding=\"async\" class=\"stk-img wp-image-259\" src=\"https:\/\/gurtaahhut.com\/wp-content\/uploads\/2020\/08\/cisco.svg\" width=\"95\" height=\"300\"\/><\/span><\/figure><\/div>\n<\/div><\/div><\/div>\n\n\n\n<div class=\"wp-block-stackable-column stk-block-column stk-column stk-block stk-e9add98\" data-v=\"4\" data-block-id=\"e9add98\"><style>.stk-e9add98-container{margin-top:0px !important;margin-right:0px !important;margin-bottom:0px !important;margin-left:0px !important;}.stk-e9add98 {align-self:center !important;}@media screen and (min-width:690px) and (max-width:999px){.stk-e9add98 {flex:var(--stk-flex-grow, 1) 1 calc(33.333% - var(--stk-column-gap, 0px) * 2 \/ 3 ) !important;}}@media screen and (max-width:689px){.stk-e9add98 {flex:var(--stk-flex-grow, 1) 1 calc(100% - var(--stk-column-gap, 0px) * 0 \/ 1 ) !important;}}<\/style><div class=\"stk-column-wrapper stk-block-column__content stk-container stk-e9add98-container stk--no-background stk--no-padding\"><div class=\"has-text-align-center stk-block-content stk-inner-blocks stk-e9add98-inner-blocks\">\n<div class=\"wp-block-stackable-image stk-block-image stk-block stk-3e48fd9\" data-block-id=\"3e48fd9\"><style>.stk-3e48fd9 .stk-img-wrapper{width:120px !important;}<\/style><figure><span class=\"stk-img-wrapper stk-image--shape-stretch\"><img loading=\"lazy\" decoding=\"async\" class=\"stk-img wp-image-260\" src=\"https:\/\/gurtaahhut.com\/wp-content\/uploads\/2020\/08\/airbnb.svg\" width=\"120\" height=\"300\"\/><\/span><\/figure><\/div>\n<\/div><\/div><\/div>\n\n\n\n<div class=\"wp-block-stackable-column stk-block-column stk-column stk-block stk-5fce27a\" data-v=\"4\" data-block-id=\"5fce27a\"><style>.stk-5fce27a-container{margin-top:0px !important;margin-right:0px !important;margin-bottom:0px !important;margin-left:0px !important;}.stk-5fce27a {align-self:center !important;}@media screen and (min-width:690px) and (max-width:999px){.stk-5fce27a {flex:var(--stk-flex-grow, 1) 1 calc(33.333% - var(--stk-column-gap, 0px) * 2 \/ 3 ) !important;}}@media screen and (max-width:689px){.stk-5fce27a {flex:var(--stk-flex-grow, 1) 1 calc(100% - var(--stk-column-gap, 0px) * 0 \/ 1 ) !important;}}<\/style><div class=\"stk-column-wrapper stk-block-column__content stk-container stk-5fce27a-container stk--no-background stk--no-padding\"><div class=\"has-text-align-center stk-block-content stk-inner-blocks stk-5fce27a-inner-blocks\">\n<div class=\"wp-block-stackable-image stk-block-image stk-block stk-a3b781a\" data-block-id=\"a3b781a\"><style>.stk-a3b781a .stk-img-wrapper{width:160px !important;}<\/style><figure><span class=\"stk-img-wrapper stk-image--shape-stretch\"><img loading=\"lazy\" decoding=\"async\" class=\"stk-img wp-image-261\" src=\"https:\/\/gurtaahhut.com\/wp-content\/uploads\/2020\/08\/uber.svg\" width=\"160\" height=\"300\"\/><\/span><\/figure><\/div>\n<\/div><\/div><\/div>\n<\/div><\/div>\n\n\n\n<div class=\"wp-block-stackable-columns alignfull stk-block-columns stk-block stk-80ce3af stk-block-background stk--has-background-overlay\" data-block-id=\"80ce3af\"><style>.stk-80ce3af {background-color:linear-gradient(180deg, #ffffff 50%, var(--theme-palette-color-4, #102136) 50%) !important;margin-bottom:0px !important;}.stk-80ce3af:before{background-image:linear-gradient(180deg, #ffffff 50%, var(--theme-palette-color-4, #102136) 50%) !important;}<\/style><div class=\"stk-row stk-inner-blocks stk-block-content stk-content-align stk-80ce3af-column\">\n<div class=\"wp-block-stackable-column stk-block-column stk-column stk-block stk-6ddbaf2 stk-block-background stk--has-background-overlay\" data-v=\"4\" data-block-id=\"6ddbaf2\"><style>.stk-6ddbaf2-container{margin-top:0px !important;margin-right:0px !important;margin-bottom:0px !important;margin-left:0px !important;}.stk-6ddbaf2 {background-image:url(https:\/\/gurtaahhut.com\/wp-content\/uploads\/2025\/05\/Adsiz-tasarim-2.png) !important;border-top-left-radius:10px !important;border-top-right-radius:10px !important;border-bottom-right-radius:10px !important;border-bottom-left-radius:10px !important;overflow:hidden !important;min-height:0px !important;padding-top:74px !important;padding-right:148px !important;padding-bottom:100px !important;padding-left:123px !important;}.stk-6ddbaf2:before{background-color:#000000 !important;opacity:0.8 !important;}@media screen and (max-width:999px){.stk-6ddbaf2 {padding-top:80px !important;padding-right:150px !important;padding-bottom:80px !important;padding-left:150px !important;}}@media screen and (max-width:689px){.stk-6ddbaf2 {padding-top:60px !important;padding-right:50px !important;padding-bottom:60px !important;padding-left:50px !important;}}<\/style><div class=\"stk-column-wrapper stk-block-column__content stk-container stk-6ddbaf2-container stk--no-background stk--no-padding\"><div class=\"has-text-align-center stk-block-content stk-inner-blocks stk-6ddbaf2-inner-blocks\">\n<div class=\"wp-block-stackable-heading stk-block-heading stk-block-heading--v2 stk-block stk-8054442\" id=\"hemen-bize-ulas-ve-teklifini-al\" data-block-id=\"8054442\"><style>.stk-8054442 {margin-bottom:10px !important;}.stk-8054442 .stk-block-heading__text{font-size:32px !important;color:var(--theme-palette-color-8, #ffffff) !important;font-weight:800 !important;}@media screen and (max-width:999px){.stk-8054442 .stk-block-heading__text{font-size:32px !important;}}@media screen and (max-width:689px){.stk-8054442 .stk-block-heading__text{font-size:25px !important;}}<\/style><h2 class=\"stk-block-heading__text has-text-color stk-block-heading--use-theme-margins\">HEMEN B\u0130ZE ULA\u015e VE TEKL\u0130F\u0130N\u0130 AL !<\/h2><\/div>\n\n\n\n<div class=\"wp-block-stackable-text stk-block-text stk-block stk-7e574b6\" data-block-id=\"7e574b6\"><style>.stk-7e574b6 {margin-bottom:0px !important;}.stk-7e574b6 .stk-block-text__text{color:var(--theme-palette-color-8, #ffffff) !important;}<\/style><p class=\"stk-block-text__text has-text-color\">Sorular\u0131n\u0131z, talepleriniz veya i\u015f birli\u011fi i\u00e7in bizimle diledi\u011finiz zaman ileti\u015fime ge\u00e7ebilirsiniz. G\u00fcr Taahh\u00fct olarak size yard\u0131mc\u0131 olmaktan memnuniyet duyar\u0131z.<\/p><\/div>\n\n\n\n<div class=\"wp-block-stackable-button-group stk-block-button-group stk-block stk-cc4a772\" data-block-id=\"cc4a772\"><div class=\"stk-row stk-inner-blocks stk-block-content stk-button-group\">\n<div class=\"wp-block-stackable-button stk-block-button stk-block stk-f63b751\" data-block-id=\"f63b751\"><style>.stk-f63b751 .stk-button{padding-top:12px !important;padding-right:30px !important;padding-bottom:12px !important;padding-left:30px !important;}<\/style><a class=\"stk-link stk-button stk--hover-effect-darken\" href=\"#\"><span class=\"stk-button__inner-text\">0 532 477 95 41<\/span><\/a><\/div>\n<\/div><\/div>\n<\/div><\/div><\/div>\n<\/div><\/div>\n","protected":false},"excerpt":{"rendered":"<p>G\u00dcR TAAHH\u00dcT K\u0130MD\u0130R ? G\u00dcR TAAHH\u00dcT olarak, Kocaeli Gebze merkezli faaliyet g\u00f6steren firmam\u0131z; in\u015faat, taahh\u00fct, altyap\u0131 ve \u00fcstyap\u0131 projelerinde kaliteli hizmet anlay\u0131\u015f\u0131yla sekt\u00f6rdeki yerini sa\u011flamla\u015ft\u0131rm\u0131\u015ft\u0131r. Kurulu\u015fumuzdan bu yana edindi\u011fimiz tecr\u00fcbe, uzman kadromuz ve m\u00fc\u015fteri memnuniyetine verdi\u011fimiz \u00f6nem ile projelerimizi zaman\u0131nda, g\u00fcvenli ve titizlikle tamamlamay\u0131 ilke edindik. Her projede m\u00fchendislik disiplinine uygun, \u00e7evreye duyarl\u0131, s\u00fcrd\u00fcr\u00fclebilir \u00e7\u00f6z\u00fcmler [&hellip;]<\/p>\n","protected":false},"author":1,"featured_media":0,"parent":0,"menu_order":0,"comment_status":"closed","ping_status":"closed","template":"","meta":{"footnotes":""},"class_list":["post-607","page","type-page","status-publish","hentry"],"blocksy_meta":{"page_title_panel":"","has_hero_section":"disabled","fe1c64ab89945cda534f4bb2d579ae1a":"","hero_section":"type-1","hero_elements":[{"id":"custom_title","enabled":true,"heading_tag":"h1","title":"Home"},{"id":"custom_description","enabled":true,"description_visibility":{"desktop":true,"tablet":true,"mobile":false}},{"id":"custom_meta","enabled":false,"meta_elements":[{"id":"author","enabled":true,"label":"By","has_author_avatar":"yes","avatar_size":25},{"id":"post_date","enabled":true,"label":"On","date_format_source":"default","date_format":"M j, Y"},{"id":"updated_date","enabled":false,"label":"On","date_format_source":"default","date_format":"M j, Y"},{"id":"categories","enabled":false,"label":"In","style":"simple"},{"id":"comments","enabled":true}],"page_meta_elements":{"joined":true,"articles_count":true,"comments":true}},{"id":"breadcrumbs","enabled":false}],"433b02732bec8d55ec282f00a9a700eb":"","hero_alignment1":"CT_CSS_SKIP_RULE","hero_margin":40,"hero_alignment2":"center","hero_vertical_alignment":"center","fdbb34d69d6afe2394c07d96c9ea0b60":"","hero_structure":"narrow","cb306aece5e91b9a44875e4a81075440":"","page_title_bg_type":"featured_image","custom_hero_background":{"attachment_id":null},"page_title_image_size":"full","parallax":{"desktop":false,"tablet":false,"mobile":false},"034bc954f3c533bc75ffdf62670c8395":"","hero_height":"250px","pageTitleFont":{"family":"Default","variation":"Default","size":"30px","line-height":"CT_CSS_SKIP_RULE","letter-spacing":"CT_CSS_SKIP_RULE","text-transform":"CT_CSS_SKIP_RULE","text-decoration":"CT_CSS_SKIP_RULE"},"pageTitleFontColor":{"default":{"color":"CT_CSS_SKIP_RULEDEFAULT"}},"pageMetaFont":{"family":"Default","variation":"n6","size":"12px","line-height":"1.3","letter-spacing":"CT_CSS_SKIP_RULE","text-transform":"uppercase","text-decoration":"CT_CSS_SKIP_RULE"},"pageMetaFontColor":{"default":{"color":"CT_CSS_SKIP_RULEDEFAULT"},"hover":{"color":"CT_CSS_SKIP_RULEDEFAULT"}},"page_meta_button_type_font_colors":{"default":{"color":"CT_CSS_SKIP_RULEDEFAULT"},"hover":{"color":"CT_CSS_SKIP_RULEDEFAULT"}},"page_meta_button_type_background_colors":{"default":{"color":"CT_CSS_SKIP_RULEDEFAULT"},"hover":{"color":"CT_CSS_SKIP_RULEDEFAULT"}},"pageExcerptFont":{"family":"Default","variation":"Default","size":"CT_CSS_SKIP_RULE","line-height":"CT_CSS_SKIP_RULE","letter-spacing":"CT_CSS_SKIP_RULE","text-transform":"CT_CSS_SKIP_RULE","text-decoration":"CT_CSS_SKIP_RULE"},"pageExcerptColor":{"default":{"color":"CT_CSS_SKIP_RULEDEFAULT"}},"breadcrumbsFont":{"family":"Default","variation":"Default","size":"CT_CSS_SKIP_RULE","line-height":"CT_CSS_SKIP_RULE","letter-spacing":"CT_CSS_SKIP_RULE","text-transform":"CT_CSS_SKIP_RULE","text-decoration":"CT_CSS_SKIP_RULE"},"breadcrumbsFontColor":{"default":{"color":"CT_CSS_SKIP_RULEDEFAULT"},"initial":{"color":"CT_CSS_SKIP_RULEDEFAULT"},"hover":{"color":"CT_CSS_SKIP_RULEDEFAULT"}},"pageTitleOverlay":{"background_type":"color","background_pattern":"type-1","background_image":{"attachment_id":null,"x":0,"y":0},"gradient":"linear-gradient(135deg,rgba(6,147,227,1) 0%,rgb(155,81,224) 100%)","background_repeat":"repeat","background_size":"auto","background_attachment":"scroll","patternColor":{"default":{"color":"#e5e7ea"}},"overlayColor":{"default":{"color":"CT_CSS_SKIP_RULE"}},"backgroundColor":{"default":{"color":"CT_CSS_SKIP_RULE"}}},"pageTitleBackground":{"background_type":"color","background_pattern":"type-1","background_image":{"attachment_id":null,"x":0,"y":0},"gradient":"linear-gradient(135deg,rgba(6,147,227,1) 0%,rgb(155,81,224) 100%)","background_repeat":"repeat","background_size":"auto","background_attachment":"scroll","patternColor":{"default":{"color":"#e5e7ea"}},"overlayColor":{"default":{"color":"CT_CSS_SKIP_RULE"}},"backgroundColor":{"default":{"color":"var(--theme-palette-color-6)"}}},"pageTitlePadding":{"top":"50px","bottom":"50px","left":"auto","right":"auto","linked":true},"12e455f30de1d15aed0effbbb6f951bf":"","page_structure_type":"default","f474d2f3ad69b4e64f52dac0a3aa2bb2":"","content_style_source":"inherit","content_style":"wide","vertical_spacing_source":"custom","content_area_spacing":"none","background":{"background_type":"color","background_pattern":"type-1","background_image":{"attachment_id":null,"x":0,"y":0},"gradient":"linear-gradient(135deg,rgba(6,147,227,1) 0%,rgb(155,81,224) 100%)","background_repeat":"repeat","background_size":"auto","background_attachment":"scroll","patternColor":{"default":{"color":"#e5e7ea"}},"overlayColor":{"default":{"color":"CT_CSS_SKIP_RULE"}},"backgroundColor":{"default":{"color":"CT_CSS_SKIP_RULE"}}},"content_background":{"background_type":"color","background_pattern":"type-1","background_image":{"attachment_id":null,"x":0,"y":0},"gradient":"linear-gradient(135deg,rgba(6,147,227,1) 0%,rgb(155,81,224) 100%)","background_repeat":"repeat","background_size":"auto","background_attachment":"scroll","patternColor":{"default":{"color":"#e5e7ea"}},"overlayColor":{"default":{"color":"CT_CSS_SKIP_RULE"}},"backgroundColor":{"default":{"color":"var(--theme-palette-color-8)"}}},"content_boxed_shadow":{"inherit":false,"blur":18,"spread":-6,"v_offset":12,"h_offset":0,"inset":false,"enable":true,"color":{"color":"rgba(34, 56, 101, 0.04)"}},"content_boxed_border":{"width":1,"style":"none","color":{"color":"rgba(44,62,80,0.2)"}},"content_boxed_radius":{"top":"3px","bottom":"3px","left":"3px","right":"3px","linked":true},"boxed_content_spacing":{"desktop":{"top":"40px","bottom":"40px","left":"40px","right":"40px","linked":true},"tablet":{"top":"35px","bottom":"35px","left":"35px","right":"35px","linked":true},"mobile":{"top":"20px","bottom":"20px","left":"20px","right":"20px","linked":true}},"fca9f1d1c7aa58a4b21dd78357f6373e":"","disable_featured_image":"no","disable_share_box":"no","disable_header":"no","disable_footer":"no","styles_descriptor":{"styles":{"desktop":"","tablet":"","mobile":""},"google_fonts":[],"version":6}},"_links":{"self":[{"href":"https:\/\/gurtaahhut.com\/index.php\/wp-json\/wp\/v2\/pages\/607","targetHints":{"allow":["GET"]}}],"collection":[{"href":"https:\/\/gurtaahhut.com\/index.php\/wp-json\/wp\/v2\/pages"}],"about":[{"href":"https:\/\/gurtaahhut.com\/index.php\/wp-json\/wp\/v2\/types\/page"}],"author":[{"embeddable":true,"href":"https:\/\/gurtaahhut.com\/index.php\/wp-json\/wp\/v2\/users\/1"}],"replies":[{"embeddable":true,"href":"https:\/\/gurtaahhut.com\/index.php\/wp-json\/wp\/v2\/comments?post=607"}],"version-history":[{"count":2,"href":"https:\/\/gurtaahhut.com\/index.php\/wp-json\/wp\/v2\/pages\/607\/revisions"}],"predecessor-version":[{"id":734,"href":"https:\/\/gurtaahhut.com\/index.php\/wp-json\/wp\/v2\/pages\/607\/revisions\/734"}],"wp:attachment":[{"href":"https:\/\/gurtaahhut.com\/index.php\/wp-json\/wp\/v2\/media?parent=607"}],"curies":[{"name":"wp","href":"https:\/\/api.w.org\/{rel}","templated":true}]}}